e?
True
Is 77991 prime?
False
Is 2403307 prime?
False
Is 405661 a composite number?
True
Is 2271 a prime number?
False
Is 104722 a composite number?
True
Is 226901 a prime number?
True
Is 65791 composite?
True
Is 320527 a prime number?
False
Is 230003 a prime number?
True
Is 343279 a prime number?
False
Is 30029 composite?
False
Is 112741 a prime number?
True
Is 3205 prime?
False
Is 172837 composite?
True
Is 44755 a prime number?
False
Is 24481 a prime number?
True
Is 15653 a composite number?
True
Is 6547 prime?
True
Is 105005 prime?
False
Is 175217 prime?
False
Is 10391 prime?
True
Is 175669 composite?
True
Is 17926 prime?
False
Is 965 prime?
False
Is 412557 composite?
True
Is 56207 prime?
True
Is 6311 composite?
False
Is 134143 composite?
True
Is 10307 a prime number?
False
Is 44809 composite?
False
Is 33185 prime?
False
Is 1638431 a composite number?
False
Is 150158 composite?
True
Is 202271 a prime number?
False
Is 11777 prime?
True
Is 97771 composite?
False
Is 12643 composite?
True
Is 138389 a composite number?
False
Is 1588937 prime?
False
Is 63323 composite?
True
Is 15073 composite?
False
Is 226813 prime?
True
Is 100649 a prime number?
True
Is 7603 a composite number?
False
Is 235043 composite?
False
Is 72001 composite?
True
Is 48443 a composite number?
True
Is 4391 a composite number?
False
Is 16493 a composite number?
False
Is 3991 prime?
False
Is 3527 composite?
False
Is 104071 composite?
True
Is 44351 a composite number?
False
Is 24673 composite?
True
Is 700213 a composite number?
True
Is 103307 a composite number?
False
Is 10219 a composite number?
True
Is 1762897 composite?
False
Is 962837 a composite number?
False
Is 167663 a prime number?
True
Is 217643 a composite number?
False
Is 4619 prime?
False
Is 311473 composite?
False
Is 3457 composite?
False
Is 7297 prime?
True
Is 3778 a composite number?
True
Is 150391 prime?
False
Is 10637 composite?
True
Is 16603 a composite number?
False
Is 3761 a prime number?
True
Is 45865 a composite number?
True
Is 617387 a prime number?
True
Is 7753 a composite number?
False
Is 31877 prime?
False
Is 1064003 a composite number?
True
Is 6979 composite?
True
Is 10831 a composite number?
False
Is 237155 composite?
True
Is 876227 composite?
True
Is 481 a prime number?
False
Is 15389 a prime number?
False
Is 105167 a prime number?
True
Is 131671 prime?
True
Is 486779 composite?
True
Is 42709 a prime number?
True
Is 6109 a composite number?
True
Is 1865 a prime number?
False
Is 30262 composite?
True
Is 129521 a composite number?
True
Is 967465 composite?
True
Is 4442 a prime number?
False
Is 21269 composite?
False
Is 77201 prime?
True
Is 45751 a composite number?
False
Is 24749 a composite number?
False
Is 57406 prime?
False
Is 251887 a composite number?
False
Is 67307 prime?
True
Is 159539 a composite number?
False
Is 20389 prime?
True
Is 5364361 prime?
False
Is 307 a composite number?
False
Is 409 prime?
True
Is 17657 a prime number?
True
Is 1193 a composite number?
False
Is 10781 prime?
True
Is 4928267 a composite number?
False
Is 192967 a composite number?
True
Is 111091 a prime number?
True
Is 318271 composite?
False
Is 344791 a prime number?
True
Is 1686191 a composite number?
True
Is 4937 a prime number?
True
Is 238291 a composite number?
False
Is 5669 prime?
True
Is 1193 a composite number?
False
Is 12842 composite?
True
Is 53545 composite?
True
Is 66617 a prime number?
True
Is 257381 prime?
True
Is 123773 a prime number?
False
Is 8263 a prime number?
True
Is 8567 a prime number?
False
Is 1042 a prime number?
False
Is 49889 a composite number?
True
Is 167815 prime?
False
Is 12929 prime?
False
Is 15901 a prime number?
True
Is 39826 prime?
False
Is 184031 a prime number?
True
Is 15131 composite?
False
Is 749341 prime?
False
Is 14567 a composite number?
True
Is 448471 a composite number?
True
Is 18077 composite?
False
Is 66959 a composite number?
False
Is 151703 a composite number?
False
Is 11311 composite?
False
Is 48383 composite?
False
Is 911 a composite number?
False
Is 376483 composite?
False
Is 521 a composite number?
False
Is 5261 a composite number?
False
Is 4939 prime?
False
Is 37537 a prime number?
True
Is 838247 prime?
True
Is 30449 prime?
True
Is 3089 a prime number?
True
Is 1469 composite?
True
Is 187202 composite?
True
Is 161869 a prime number?
True
Is 73813 composite?
True
Is 16557 prime?
False
Is 45791 a composite number?
True
Is 39359 prime?
True
Is 9383 prime?
False
Is 8761 a composite number?
False
Is 4421 composite?
False
Is 1648051 a composite number?
True
Is 7789 a prime number?
True
Is 2549783 a prime number?
True
Is 42059 composite?
True
Is 1693 composite?
False
Is 30011 prime?
True
Is 9181 a prime number?
True
Is 603609 a prime number?
False
Is 721843 prime?
True
Is 40142 composite?
True
Is 230819 a composite number?
False
Is 2751449 a composite number?
False
Is 15727 prime?
True
Is 61837 prime?
True
Is 7978 a composite number?
True
Is 657569 composite?
True
Is 50417 a prime number?
True
Is 104365 composite?
True
Is 2333 prime?
True
Is 505 a prime number?
False
Is 166771 a prime number?
False
Is 399353 composite?
False
Is 17957 composite?
False
Is 23659 composite?
True
Is 148279 prime?
True
Is 2633 a prime number?
True
Is 19571 prime?
True
Is 7903 a composite number?
True
Is 80747 composite?
False
Is 1439 a composite number?
False
Is 19661 a prime number?
True
Is 262187 prime?
True
Is 37333 a prime number?
False
Is 89027 composite?
True
Is 112669 composite?
True
Is 1457321 a composite number?
False
Is 3539849 a prime number?
True
Is 547813 prime?
False
Is 287 composite?
True
Is 13615565 a prime number?
False
Is 293983 prime?
True
Is 18119 a composite number?
False
Is 10099 composite?
False
Is 73181 a prime number?
True
Is 219677 prime?
True
Is 2235899 a composite number?
True
Is 1205111 a prime number?
False
Is 3376495 composite?
True
Is 34309 prime?
False
Is 6317 a composite number?
False
Is 11917 prime?
False
Is 3202 composite?
True
Is 31757 a prime number?
False
Is 966547 prime?
True
Is 1218563 a composite number?
True
Is 32771 a prime number?
True
Is 581227 a prime number?
True
Is 16087 a composite number?
False
Is 71527 a prime number?
True
Is 53503 a composite number?
False
Is 20771 composite?
False
Is 191 composite?
False
Is 391159 composite?
False
Is 4099 a prime number?
True
Is 549721 prime?
False
Is 1498279 a composite number?
False
Is 381967 a prime number?
False
Is 260111 composite?
False
Is 93257 composite?
False
Is 32255 prime?
False
Is 54851 composite?
False
Is 23887 a prime number?
True
Is 100121 composite?
True
Is 23251 composite?
False
Is 573 composite?
True
Is 66337 composite?
False
Is 14569 a composite number?
True
Is 248441 composite?
False
Is 3389 a composite number?
False
Is 941101 a prime number?
False
Is 869819 a composite number?
False
Is 4721 prime?
True
Is 7789 composite?
False
Is 73583 a prime number?
True
Is 3343 a composite number?
False
Is 15787 a composite number?
False
Is 151801 a prime number?
False
Is 485 a composite number?
True
Is 373903 prime?
True
Is 22121 a composite number?
True
Is 277471 prime?
False
Is 21059 prime?
True
Is 208157 a composite number?
True
Is 9535 a prime number?
False
Is 8359 composite?
True
Is 72997 prime?
True
Is 428195 composite?
True
Is 20077 composite?
True
Is 145697 prime?
False
Is 73663 a prime number?
False
Is 301046 a prime number?
False
Is 33763 a prime number?
False
Is 13207 a composite number?
True
Is 418501 prime?
False
Is 553229 composite?
False
Is 9097 prime?
False
Is 11359 prime?
False
Is 6051 a composite number?
True
Is 74913 prime?
False
Is 17567 a composite number?
True
Is 3271 a composite number?
False
Is 1003 composite?
True
Is 1000793 prime?
True
Is 685 a prime number?
False
Is 165269 composite?
True
Is 26929 a composite number?
True
Is 140053 a composite number?
False
Is 61973 composite?
True
Is 17669 prime?
True
Is 535 composite?
True
Is 590491 prime?
False
Is 2461 a prime number?
False
Is 5981 a prime number?
True
Is 162683 composite?
False
Is 83767 prime?
False
Is 26191 prime?
False
Is 720527 prime?
True
Is 1108535 composite?
True
Is 141013 a composite number?
True
Is 14107 a composite number?
False
Is 23969 composite?
True
Is 180551 a prime number?
False
Is 203173 a composite numb